 of v/(8/(-83))*4?
83
Suppose -7*t + 57 = -4*t. Let h(y) = -2*y**3 + y**2 + y. Let f be h(2). Let u = f + t. What are the prime factors of u?
3
Let f = 60 - 51. List the prime factors of f/9 + 51 + -3.
7
Let a = 112 - 108. Suppose -4*l - 204 = -a*m, -3*l = 2 + 13. What are the prime factors of m?
2, 23
Let n = -127 + 120. Let t(b) = -19*b + 41. What are the prime factors of t(n)?
2, 3, 29
Let t = -25 + 51. Suppose 104 = 5*d - 3*s - t, -5 = s. List the prime factors of d.
23
Let h = 13 - 11. Suppose -q + 33 = h*q. Suppose l = 3*m - 53, 0 = m - l - q - 10. What are the prime factors of m?
2
Let a(d) = d**3 - 2*d**2 + 4*d + 1. Let f be -5 + (1 + -2 - -4). Let h be 1/(f + (-21)/(-9)). List the prime factors of a(h).
2, 11
Let v = -2 + -4. Let l be 40/15 - 2/v. Suppose 2*f - 35 = -l*f. List the prime factors of f.
7
Suppose -5*a + 21 + 8 = 3*j, j - 3*a + 9 = 0. List the prime factors of ((-243)/(-12))/j*12.
3
Let o be (-6)/(-4) - 15/(-10). Suppose 0 = o*y + 11 - 47. What are the prime factors of y?
2, 3
Let o(n) = n**3 + 14*n**2 - 7. Let h be o(-14). Let l = h - -12. Suppose j = -l*w + 148, 149 = 4*w + j + 30. List the prime factors of w.
29
Let t(r) = r**3 - 3*r**2 + r + 7. Let j be t(5). Let o = j + -19. What are the prime factors of o - -7 - (-2 + 2)?
2, 5
Let c = -828 - -1421. What are the prime factors of c?
593
Let s = -41 + 23. Let c = s - -23. Suppose -c*t = -3*a + 117, -a + 63 = 4*t + 7. What are the prime factors of a?
2, 11
List the prime factors of ((-88950)/(-45))/((-1)/3 + 1).
5, 593
Suppose 4*j = z + 7, j = 2*j - 3. Let s = z - -52. What are the prime factors of s?
3, 19
Let t(r) be the first derivative of 2*r**2 - 2*r - r**3 + 4 + 1/2*r**4. List the prime factors of t(2).
2, 5
Let p(b) = -550*b - 303. What are the prime factors of p(-5)?
2447
Let n(w) = -w**3 + w**2 + 1. Let i(u) = 7*u**3 + 4*u**2 + u + 7. Let r(h) = i(h) + 6*n(h). List the prime factors of r(-10).
3
Suppose -29*j + 110915 = 6*j. List the prime factors of j.
3169
Suppose -g - 2*p = -5, -5*g + 3*p = -8 - 4. Let k be 14 + (-2)/(1 + 1). Suppose -1 = g*b - k. What are the prime factors of b?
2
Let t be (3 + 0 - 4)/((-1)/195). Suppose 15*a - 20*a + t = 0. What are the prime factors of a?
3, 13
Suppose 23 = -u + 5*r, 3*u - r - 31 = -6*r. Suppose 3*v - 3*h - 474 = 267, 5*v - u*h - 1235 = 0. What are the prime factors of v?
13, 19
Suppose -5*l - 160 = -5*x, 3*l + 2*x + 54 = -57. Let d = 131 + -35. Let j = d + l. What are the prime factors of j?
61
Suppose y + 2 - 26 = 0. Suppose z - y = -2*z. Suppose 3*a - 5*j = z*a - 125, -5*a = 2*j - 116. What are the prime factors of a?
2, 11
Suppose 12*m - 7*m + 4*v - 16885 = 0, -13507 = -4*m - 3*v. List the prime factors of m.
3373
Suppose -v + 601 = 59. List the prime factors of v.
2, 271
Suppose -8*s = -2*s - 30. What are the prime factors of (-10)/(0 - s) + 96?
2, 7
Suppose -4*j + 32 - 20 = 0. List the prime factors of (-2505)/(-45) - 2/j.
5, 11
Let q(l) = 8*l**3 - l**2 + l. Let t be q(1). Let v(m) = m**3 - 8*m**2 + 3*m - 10. Let b be v(t). What are the prime factors of (-163)/(-7) - 4/b?
23
Suppose 8*v - 68 = -4. Suppose 3*m - v = 85. List the prime factors of m.
31
Suppose 101 = -3*h + 4*c, -4*h - 179 = 2*c - 37. Suppose 4*a - 18 = -14*a. What are the prime factors of -2 + (3 - (h - a))?
37
Let z = -16 + 20. Let t be ((-32)/(-6))/(z/6). List the prime factors of (t + -9)/(1/(-60)).
2, 3, 5
Suppose -22*l + 20*l + 1860 = 2*h, 2*h - 2786 = -3*l. List the prime factors of l.
2, 463
Let g(k) = 4*k**2 + 16*k + 5. Let h be g(-4). Suppose r = -5*l + 3*l + 557, 2*r = h*l - 1397. List the prime factors of l.
3, 31
Let r be (-1 + 15)*(-4)/(-14). Suppose 4*b + 2*j - 4*j = 218, 4*b - 224 = r*j. Suppose -2*k = -39 - b. List the prime factors of k.
2, 23
Suppose 7285 = 5*f - 2*o, -3*o + o = -10. What are the prime factors of f?
1459
Suppose -2*k = -3*k + 7. Suppose -k*l + 36 = -l. What are the prime factors of (-120)/(-16)*4/l?
5
Let x = 6 + -18. List the prime factors of (4/6)/(x/(-72)).
2
Let o = 627 + -312. Suppose -4*v - v + o = 0. What are the prime factors of v?
3, 7
List the prime factors of (((-3)/(-6))/(-1))/((-18)/130284).
7, 11, 47
What are the prime factors of (-9177)/(-9) - -3 - (-6)/18?
3, 11, 31
Suppose 2*l + 3*a - 675 = 2*a, 3*a - 1690 = -5*l. What are the prime factors of l?
5, 67
Let z(v) = 55*v + 4. What are the prime factors of z(4)?
2, 7
Let z = -109 + 47. Let f = 349 + z. List the prime factors of f.
7, 41
Let n be (135/6)/5*10. Suppose 4 = -y, -5*v + 5*y + n = -110. List the prime factors of v.
3
Suppose 3*u - 29 = -4*s, 0*s - 5*u = 2*s - 25. Suppose j = s*f - 145, 3*f - 4*f + 2*j = -20. List the prime factors of f.
2, 3, 5
What are the prime factors of (-22548)/(-14) + 114/266?
3, 179
Let b(i) = 48*i + 113. List the prime factors of b(28).
31, 47
Suppose -q = 5*w - 4*w + 122, 0 = w - 5*q + 122. Let x = 4 - w. List the prime factors of x.
2, 3, 7
What are the prime factors of 861 - (-9)/(-5)*260/(-78)?
3, 17
Let d(g) = -36*g - 109. What are the prime factors of d(-19)?
5, 23
Let j(d) = 17*d - 117. List the prime factors of j(34).
461
Suppose 3*d - 15 + 3 = 0. Let l = 67 - d. What are the prime factors of l?
3, 7
Suppose -194 = -3*d + 376. List the prime factors of d.
2, 5, 19
Let t(h) = -9*h**3 - 2*h**2 + h. Let i be 4*((-9)/12 + 1). Let w be t(i). Let d(y) = -y**3 - 10*y**2 - 4*y - 11. List the prime factors of d(w).
29
Let n = 7 - 14. Let t = 10 + n. Let w = 1 + t. List the prime factors of w.
2
Suppose 3524 = 5*p + i, 3*i + 3 = -0. List the prime factors of p.
3, 5, 47
Let g be 2/(-4)*8/4. Let f(n) = -6*n - 1 + 0 - 19*n. What are the prime factors of f(g)?
2, 3
Let q = -24 + 34. Suppose 4*k - 6 = q. What are the prime factors of k?
2
Let d(s) = 3*s**3 + s**2 - 7*s + 5. List the prime factors of d(5).
2, 5, 37
Suppose -92*c = -98*c + 2274. What are the prime factors of c?
379
Let f(s) = 6*s - 21. Let j be f(11). Let c = 8 + j. List the prime factors of c.
53
Let f(s) = 51*s**2 + s. Let v be f(-1). Suppose -3*w = 2*w - v. Suppose -3*t = 3*l, 2*t + w = -6*l + 2*l. What are the prime factors of t?
5
Suppose 1825 = r - 3*q, 0 = r + 3*q - 1827 + 26. List the prime factors of r.
7, 37
Let q = 12445 - 8159. List the prime factors of q.
2, 2143
What are the prime factors of (-55791)/(-27) - 1/3?
2, 1033
Suppose -95*t + 79137 = -58328. List the prime factors of t.
1447
Let s be (-4 - -101) + -1 - 0. Let f = -55 + s. Suppose d - f = -0*d. What are the prime factors of d?
41
Suppose 2543 = -4*b + 12095. List the prime factors of b.
2, 3, 199
Let v(o) = -24*o - 3. Let r be v(1). Let q = r + 80. What are the prime factors of q?
53
Suppose 4*o = 2*y - 202, 25 = -o + 6*o. Let g = y - 6. What are the prime factors of g?
3, 5, 7
Suppose 5*m - 3*w - 6 = 4, -35 = -3*m - 4*w. Suppose m*t - 108 - 162 = 0. What are the prime factors of t?
2, 3
Let u = -21 + 30. Suppose 0 = -u*y - 539 + 1304. List the prime factors of y.
5, 17
Let v(f) = f**3 - 28*f**2 + 18*f - 39. What are the prime factors of v(28)?
3, 5, 31
Let a = 5206 - 1812. What are the prime factors of a?
2, 1697
Let l = -68 - -1075. What are the prime factors of l?
19, 53
Let j = 230 + -149. List the prime factors of j.
3
Let v be -1 - ((-2056)/(-6))/(-4)*3. Suppose 3*b - b = v. What are the prime factors of b?
2
Suppose 7 = 5*m - h - 3*h, -4*m - 2*h = -16. Suppose m*y = -0*y - 114. List the prime factors of (9/(-6) - -1)*y.
19
Let n(d) = -d**3 - 15*d**2 + 15*d - 2. Let h be n(-16). Let z = h + -12. What are the prime factors of (-12)/(z/28*-3)?
2, 7
Let s = 1138 - 779. What are the prime factors of s?
359
Let t be -1*15*(-56)/12. Suppose 0 = -4*g + 18 - 2. Suppose n - t = -g*n. What are the prime factors of n?
2, 7
List the prime factors of (-615)/10*-8 - (-5)/(-1).
487
Let o(r) = -r**2 - 10*r - 10. Let v be o(-8). Let c be (-36)/42*(-28)/v. What are the prime factors of 6*1*(c - 3)?
2, 3
Let o(q) = -74*q**3 - q**2 - 2*q - 1. Let h be o(-1). Suppose -3*y = -3*n - y + 207, n - h = -y. List the prime factors of n.
71
Suppose 3*g - 5*c - 10 = 0, 2 = 4*g - 5*g - c. Suppose 3*y - 7*y = g. List the prime factors of (y - 1) + (33 - 2).
2, 3, 5
Suppose -5*m - 5*a + 24204 + 101 = 0, 4*m = 2*a + 19450. List the prime factors of m.
2, 11, 13, 17
Suppose 3*f - 330 = -5*c + 6*f, f - 264 = -4